units digit of d(r)?
3
Suppose -4*t + 10 - 2 = 0. Suppose -2*j + c = 1 - 4, 4*j + 3 = -c. Let z = t + j. What is the units digit of z?
2
Let j = -1 + 2. Suppose -2*l - r = -6, 4*r - 8 = -4*l - 0*r. What is the units digit of j/((-2)/l + 1)?
2
Let o = -19 + 22. Suppose o*b = 54 + 54. What is the units digit of b?
6
Suppose -4*m = 3*d - 208, 3*d + 2*m - 212 = -0*d. What is the tens digit of d?
7
Let n(p) = -5*p + 31. What is the units digit of n(6)?
1
Suppose -4*q = -2*q + 16. Let j = q + 23. What is the tens digit of j?
1
Let g = -23 + 14. Let x be g/(1*(-1)/(-2)). What is the tens digit of (8/6)/((-2)/x)?
1
Suppose 5*l + 1761 + 379 = 0. What is the tens digit of 6/(-21) + l/(-28)?
1
Let x(s) = s**2 - 2*s + 3. What is the tens digit of x(5)?
1
Let z = 42 + -2. What is the units digit of z?
0
Suppose q = -2*q + 12. Suppose 0 = q*h - 87 + 3. Suppose 0 = -2*n + 4*l - 4, 4 = 5*l - h. What is the units digit of n?
8
Suppose 0 = z + 5 - 4. Let k be (-11*1)/(z + 0). Let m = k - 7. What is the units digit of m?
4
Let h be (-2)/(-6)*6*-1. What is the units digit of (-220)/(-12) - h/(-6)?
8
Suppose -80 = -4*i + 4*d + 240, 220 = 3*i + 2*d. What is the tens digit of i?
7
Let i be 2/(-12) + (-1113)/18. Let n = i - -89. What is the units digit of 1 + -4 - n/(-3)?
6
Let o = 8 + -7. What is the units digit of o?
1
Let n(u) = u**3 - 2*u**2 - 6*u + 2. Let l be n(4). Suppose 0 = v + 3*a, 3*v + l = -6*a + 2*a. What is the units digit of (1/(-3))/(2/v)?
1
Let a be 6 - (-2 - -1) - 1. Let g be (-22)/(-5) - a/15. Suppose -2*r + 2*n = 8, -g*n + 9*n - 26 = -r. What is the units digit of r?
1
Let v(y) be the first derivative of y**2/2 + 53*y - 5. What is the units digit of v(0)?
3
Let h(g) = 2*g**2 + 3*g + 51. What is the hundreds digit of h(-6)?
1
Let n(w) = -w**3 + 5*w**2 - 5*w + 4. Let d be n(4). Suppose 4*o - 50 + 18 = d. What is the units digit of o?
8
Let q = -75 - -136. What is the units digit of q?
1
Suppose 0 = a + 5*z - 203, -2*a = -0*a + 4*z - 424. What is the hundreds digit of a?
2
Suppose 0 = a + 5*k - 25, 5*k + 0*k - 15 = a. Let y = 6 + a. Suppose -y = -3*j + 10. What is the units digit of j?
7
Let s(t) = -t**2 - 2*t + 18. Let v(z) = 2*z**2 + 3*z - 37. Let i(b) = -5*s(b) - 3*v(b). Let l be 2/(-4)*0/(-1). What is the tens digit of i(l)?
2
Suppose 0 = -2*n - d + 69, -167 = -3*n - 2*n + 3*d. Suppose 4*a - n = 2*a. What is the units digit of a?
7
Let t be (-13)/(182/(-24))*7. Suppose 0*b + 2 = r - 2*b, 2*b + 8 = 0. Let a = t + r. What is the units digit of a?
6
Let l(g) = g + 21. Let w be l(0). Suppose r + 2*r = w. What is the units digit of r?
7
Let y(l) = -47*l - 78. What is the hundreds digit of y(-8)?
2
Let t(b) = 6*b - 7. What is the units digit of t(9)?
7
Suppose -28 = -3*y - 4*u, -u + 9 = 5*y - 15. Let m = y + 11. What is the tens digit of m?
1
Suppose -18*l = -13*l - 115. What is the tens digit of l?
2
Suppose -4*d + 74 = -2. Suppose 0 = 5*i - 21 - d. Suppose 5*w = 5*r - 35, -r + i = 2*w + 1. What is the units digit of r?
7
Let v be (-5)/10*(-8 - 0). Suppose 3*y = 5*f + 2 + 6, 0 = y + v*f + 3. What is the units digit of y/2*4*2?
4
Let m be (-1)/((-2 - -1)/(-4)). Let j = 4 + m. Suppose -4*l + 5 + 17 = 3*u, j = 2*u + 4. What is the units digit of l?
7
Let u(x) = 4*x**2 - 3*x - 1. What is the tens digit of u(-2)?
2
Suppose -3*g = 162 - 735. What is the units digit of g?
1
Suppose 2*i - 7*i + 25 = 0. Suppose -i = -4*t + 11. Suppose -t*a - 2 = -6*a. What is the units digit of a?
1
Let h(b) = -2*b - 16. What is the units digit of h(-14)?
2
Let i = -36 + 260. What is the units digit of i?
4
Let z = -26 - -30. Suppose -6 = -5*x + 4. Suppose -z = -2*r - 4*b, r + x*b = 3*b + 5. What is the units digit of r?
4
Let h be -1 + (-3)/(-6)*6. Let x(q) = 3*q + 2. What is the units digit of x(h)?
8
Let l(k) = 16*k - 23. What is the units digit of l(6)?
3
Let p(o) = -o**3 + 6*o**2 - 6*o + 7. Let w(i) = i**3 + 4*i**2 - 7*i - 5. Let y be w(-5). Let f be p(y). Let g = f - 1. What is the units digit of g?
1
Suppose 16 = -u + 80. What is the units digit of u?
4
Let j be -33*(2 + 8/(-6)). Let k = -12 - j. Suppose 2*h + 2*u - k = -2*h, -h = -3*u - 6. What is the units digit of h?
3
What is the units digit of (-1341)/(-4) + 9*(-4)/(-48)?
6
Suppose f + f + 5*u = -32, -3*f - 48 = -3*u. Let i = 30 + f. What is the tens digit of i?
1
Let b(h) be the first derivative of 2*h**3/3 - h - 1. Let q(u) = -u**3 + 4*u**2 - 3*u + 2. Let v be q(3). What is the units digit of b(v)?
7
Suppose -3*b + 0*b = 0. Suppose -i + 1 + 13 = b. What is the units digit of 4/i + 78/21?
4
Suppose -3*k = -5*g + k - 24, -5*g - 16 = 4*k. Let w = 1 - g. Suppose 2*m + m - 11 = -4*p, w*p = -2*m + 19. What is the units digit of p?
5
Let x(o) = -1. Let c(g) = 3*g - 3. Let b(q) = -c(q) + 4*x(q). What is the units digit of b(-2)?
5
Let v(m) = -6*m**2 + m. Let h be v(1). What is the units digit of ((-14)/h)/(4/20)?
4
Let p(i) = -16*i - 3. Let l(q) = 11*q + 2. Let f(k) = -7*l(k) - 5*p(k). Let a(n) = 7*n + 1. Let w(b) = -4*a(b) + 9*f(b). What is the units digit of w(-5)?
0
Suppose -12 = -2*i - 2*i. What is the units digit of 15*((-24)/(-5) - i)?
7
Let t = 43 + 91. What is the hundreds digit of t?
1
Suppose 61 = 4*z - k, 2*z - 35 - 18 = 5*k. What is the tens digit of z?
1
Suppose 2*b + 16 = 38. Let g = -3 + b. What is the units digit of g?
8
Let j = -14 - -43. What is the units digit of j?
9
Suppose 6*z + 48 = 186. What is the units digit of z?
3
Let m(r) = 8*r + 7. What is the units digit of m(6)?
5
Suppose y - 82 = 3*l + 147, -l + 864 = 4*y. What is the units digit of y?
7
Suppose 6*k - 206 = 2*k + 2*u, 2*u - 202 = -4*k. What is the tens digit of k?
5
Suppose 5*c - 21 = -361. Let g be ((-7)/(-14))/(2/c). Let n = -7 - g. What is the tens digit of n?
1
Suppose -4*o = -9*o - 4*s + 60, 0 = -3*o + s + 19. Let h = o + -5. Suppose -6 = h*k - 5*k. What is the units digit of k?
3
Let q = 108 + -5. What is the hundreds digit of q?
1
Let f = -163 + 255. What is the tens digit of f?
9
Let y(g) = g**3 + 4*g**2 + g + 3. Let w be y(-4). Let a be 14 - w - 2/2. Suppose 5*m = 2*o - a, 5*o - 5*m + 6 - 41 = 0. What is the units digit of o?
7
Let m(i) = -i**3 + 2*i**2 + i. Let b be m(-1). Suppose -3*x = -b - 10. Suppose 2*v - 32 - 30 = -x*a, a + 3*v = 18. What is the tens digit of a?
1
Let g(q) be the first derivative of q**3/3 + 2*q**2 + 2*q - 2. Let p be -1*(-10)/(-6)*3. What is the units digit of g(p)?
7
Let r = -60 + 107. Suppose -2*h = -r + 9. What is the units digit of h?
9
Let c(a) = a**3 - 10*a**2 - a + 13. Let s be c(10). Suppose -m - s*m = -108. What is the tens digit of m?
2
Let l be 4 - 5 - (1 + -1). Let r(n) = 9*n**2. Let y be r(l). What is the units digit of (12/y)/((-4)/(-6))?
2
Let m(i) be the first derivative of -i**3/3 - 11*i**2/2 - 4*i - 2. Suppose 0*s = -3*s - 30. What is the units digit of m(s)?
6
Let h be (-2)/(-4)*(1 - -15). Let a = -4 + 0. Let g = h + a. What is the units digit of g?
4
What is the units digit of 9*(-1)/(-3) - -34?
7
Let o(c) = 4*c + 11. Let h be o(10). Let a = h - 31. What is the units digit of a?
0
Let b be 2*-6*1/(-3). Suppose -b*q = -16 - 92. Suppose 78 - q = 3*w. What is the units digit of w?
7
Let h(x) = -x**2 - 14*x + 9. What is the tens digit of h(-12)?
3
Let g be ((-8)/12)/((-2)/3). Let a(s) = 3 - 3 + 5*s**2 - g. What is the units digit of a(-1)?
4
Let t(b) = -b**2 - 4*b + 7. Let l(s) = -s**2 - 4*s. Let x be l(-5). Let c = x - 0. What is the units digit of t(c)?
2
Let l = 15 + 33. Suppose 0 = 2*n + s - 25 + 1, 4*n - l = 3*s. What is the units digit of n?
2
Let o = -10 + 14. Suppose m - o*m = -18. What is the units digit of m?
6
Let b be (-2)/9 + (-11)/(-9). Let z be (2*-1)/b*-1. Suppose -5 = h - z*g + 1, -2*h + 16 = 3*g. What is the units digit of h?
2
Let q(w) = w + 36. Let i be q(0). Let x = i - 22. What is the tens digit of x?
1
Suppose 3*o = 6*o - 144. Suppose 0 = -5*z - 5*r + 100, 4*r - o = -2*z - 0*z. What is the tens digit of z?
1
Let p = -13 + 7. Let w = -3 - p. What is the units digit of w?
3
Suppose 2 = 4*y - 3*y. Suppose -2 = -4*m - 5*p, p = m - y*p - 9. Suppose 8 = 4*r + m*x, -5*x = r - 4*x - 2. What is the units digit of r?
2
Let k(o) = 13*o - 2. Let f = -1 - -3. What is the units digit of k(f)?
4
Let a = 2 + 0. What is the units digit of (-3)/a*32/(-12)?
4
Suppose 4*o - 188 = -